{"id":8002,"date":"2018-01-11T12:42:36","date_gmt":"2018-01-11T14:42:36","guid":{"rendered":"http:\/\/altinho.pe.gov.br\/v1\/?page_id=8002"},"modified":"2026-08-05T11:02:38","modified_gmt":"2026-08-05T14:02:38","slug":"secretaria-de-saude","status":"publish","type":"page","link":"https:\/\/altinho.pe.gov.br\/v1\/secretaria-de-saude\/","title":{"rendered":"Secretaria de Sa\u00fade"},"content":{"rendered":"<p><a href=\"https:\/\/altinho.pe.gov.br\/v1\/wp-content\/uploads\/2026\/08\/SECRETARIA-DA-SAUDE-MONICA-DANIELE-scaled.jpg\"><img loading=\"lazy\" decoding=\"async\" class=\"img-responsive alignleft\" style=\"margin: 0px 10px 0px 0px;\" src=\"https:\/\/altinho.pe.gov.br\/v1\/wp-content\/uploads\/2026\/08\/SECRETARIA-DA-SAUDE-MONICA-DANIELE-scaled.jpg\" alt=\"\" width=\"333\" height=\"444\" \/><\/a><strong>SECRET\u00c1RIA:<\/strong> M\u00f4nica Daniele Bezerra da Silva<br \/>\n<strong>DATA DE NASCIMENTO:<\/strong> 10\/08\/1987<br \/>\n<strong>NATURALIDADE:<\/strong> Caruaru \u2013 PE<\/p>\n<p><strong>PERFIL PROFISSIONAL DA SECRET\u00c1RIA:<\/strong> M\u00f4nica Daniele Bezerra da Silva \u00e9 Assistente social efetiva, graduada pela  Universidade Pit\u00e1goras Unopar Anhanguera sede Caruaru PE, P\u00f3s-graduanda em Servi\u00e7o Social em Sa\u00fade P\u00fablica pelo Instituto Facuminas. Iniciou como Assistente Social em 2019 Coordenadora de Regula\u00e7\u00e3o Municipal de Sa\u00fade (2020 a 2024), assumiu em 2025 o cargo de Secret\u00e1ria Adjunta da Secretaria Municipal de Sa\u00fade e assumindo em 03 de agosto de 2026 a pasta da Secretaria Municipal de Sa\u00fade.<\/p>\n<p><span style=\"color: #999999;\">.<\/span><\/p>\n<p><strong>A Secretaria Municipal de Sa\u00fade tem como principal atribui\u00e7\u00e3o formular, executar e monitorar o Plano Municipal de Sa\u00fade com diretrizes do SUS. Gerenciar o SUS no \u00e2mbito municipal: Aten\u00e7\u00e3o B\u00e1sica, Vigil\u00e2ncia, M\u00e9dia\/Alta Complexidade. Garantir acesso universal da popula\u00e7\u00e3o aos servi\u00e7os de sa\u00fade. Manter e melhorar a estrutura das unidades de sa\u00fade: UBS, Unidade Mista, etc. Garantir resolutividade nos distritos sanit\u00e1rios e fortalecer as ger\u00eancias locais. Promover acesso a medicamentos b\u00e1sicos e distribui\u00e7\u00e3o gratuita. Gerenciar log\u00edstica, suprimentos e transporte da Secretaria. Promover a\u00e7\u00f5es de Vigil\u00e2ncia Sanit\u00e1ria, Epidemiol\u00f3gica e Sa\u00fade Ambiental. Elaborar or\u00e7amento da Secretaria e PPA. Firmar contratos, conv\u00eanios e acordos da \u00e1rea da sa\u00fade. Controlar, avaliar e auditar as a\u00e7\u00f5es e servi\u00e7os de sa\u00fade. Captar recursos junto a Estado, Uni\u00e3o e outros \u00f3rg\u00e3os. Garantir o exerc\u00edcio do controle social conforme Lei 8.142\/90. Participar do Conselho Municipal de Sa\u00fade e articular com os \u00f3rg\u00e3os de controle. Articular com Estado, Uni\u00e3o e outras Secretarias pra a\u00e7\u00f5es de promo\u00e7\u00e3o e preven\u00e7\u00e3o. Coordenar a pol\u00edtica de Gest\u00e3o do Trabalho e educa\u00e7\u00e3o em sa\u00fade no munic\u00edpio. Propor melhorias nos ambientes de trabalho do servidor. Garantir coleta de dados para os sistemas de informa\u00e7\u00e3o do SUS.<\/strong><\/p>\n<p><span style=\"color: #999999;\">.<\/span><\/p>\n<p>Secretaria Municipal de Sa\u00fade do Altinho<br \/>\nRua Siqueira Campos, 286 &#8211; Centro | Altinho &#8211; PE | CEP 55.490-000<br \/>\nHor\u00e1rio de Atendimento ao P\u00fablico: 07:30h \u00e0s 13:00h<br \/>\nContato: (81) 3739-1349<br \/>\ne-Mail: sec.saude@altinho.pe.gov.br<br \/>\n<img loading=\"lazy\" decoding=\"async\" class=\"img-responsive alignnone wp-image-7962 size-large\" src=\"https:\/\/altinho.pe.gov.br\/v1\/wp-content\/uploads\/2018\/01\/linhas-1-750x29.png\" alt=\"\" width=\"750\" height=\"29\" srcset=\"https:\/\/altinho.pe.gov.br\/v1\/wp-content\/uploads\/2018\/01\/linhas-1-750x29.png 750w, https:\/\/altinho.pe.gov.br\/v1\/wp-content\/uploads\/2018\/01\/linhas-1-150x6.png 150w, https:\/\/altinho.pe.gov.br\/v1\/wp-content\/uploads\/2018\/01\/linhas-1-300x12.png 300w, https:\/\/altinho.pe.gov.br\/v1\/wp-content\/uploads\/2018\/01\/linhas-1-768x30.png 768w, https:\/\/altinho.pe.gov.br\/v1\/wp-content\/uploads\/2018\/01\/linhas-1.png 798w\" sizes=\"auto, (max-width: 750px) 100vw, 750px\" \/><\/p>\n","protected":false},"excerpt":{"rendered":"<p>SECRET\u00c1RIA: M\u00f4nica Daniele Bezerra da Silva DATA DE NASCIMENTO: 10\/08\/1987 NATURALIDADE: Caruaru \u2013 PE PERFIL PROFISSIONAL DA SECRET\u00c1RIA: M\u00f4nica Daniele Bezerra da Silva \u00e9 Assistente social efetiva, graduada pela Universidade Pit\u00e1goras Unopar <a class=\"leiamais\" href=\"https:\/\/altinho.pe.gov.br\/v1\/secretaria-de-saude\/\">LEIA MAIS <i class=\"fa fa-angle-double-right\" aria-hidden=\"true\"><\/i><br \/>\n<\/a><\/p>\n","protected":false},"author":2,"featured_media":0,"parent":0,"menu_order":0,"comment_status":"closed","ping_status":"closed","template":"","meta":{"footnotes":""},"class_list":["post-8002","page","type-page","status-publish","hentry","active"],"_links":{"self":[{"href":"https:\/\/altinho.pe.gov.br\/v1\/wp-json\/wp\/v2\/pages\/8002","targetHints":{"allow":["GET"]}}],"collection":[{"href":"https:\/\/altinho.pe.gov.br\/v1\/wp-json\/wp\/v2\/pages"}],"about":[{"href":"https:\/\/altinho.pe.gov.br\/v1\/wp-json\/wp\/v2\/types\/page"}],"author":[{"embeddable":true,"href":"https:\/\/altinho.pe.gov.br\/v1\/wp-json\/wp\/v2\/users\/2"}],"replies":[{"embeddable":true,"href":"https:\/\/altinho.pe.gov.br\/v1\/wp-json\/wp\/v2\/comments?post=8002"}],"version-history":[{"count":44,"href":"https:\/\/altinho.pe.gov.br\/v1\/wp-json\/wp\/v2\/pages\/8002\/revisions"}],"predecessor-version":[{"id":39989,"href":"https:\/\/altinho.pe.gov.br\/v1\/wp-json\/wp\/v2\/pages\/8002\/revisions\/39989"}],"wp:attachment":[{"href":"https:\/\/altinho.pe.gov.br\/v1\/wp-json\/wp\/v2\/media?parent=8002"}],"curies":[{"name":"wp","href":"https:\/\/api.w.org\/{rel}","templated":true}]}}

Secretaria de Saúde

<p><a href="https://altinho.pe.gov.br/v1/wp-content/uploads/2026/08/SECRETARIA-DA-SAUDE-MONICA-DANIELE-scaled.jpg"><img loading="lazy" decoding="async" class="img-responsive alignleft" style="margin: 0px 10px 0px 0px;" src="https://altinho.pe.gov.br/v1/wp-content/uploads/2026/08/SECRETARIA-DA-SAUDE-MONICA-DANIELE-scaled.jpg" alt="" width="333" height="444" /></a><strong>SECRETÁRIA:</strong> Mônica Daniele Bezerra da Silva<br />
<strong>DATA DE NASCIMENTO:</strong> 10/08/1987<br />
<strong>NATURALIDADE:</strong> Caruaru – PE</p>
<p><strong>PERFIL PROFISSIONAL DA SECRETÁRIA:</strong> Mônica Daniele Bezerra da Silva é Assistente social efetiva, graduada pela  Universidade Pitágoras Unopar Anhanguera sede Caruaru PE, Pós-graduanda em Serviço Social em Saúde Pública pelo Instituto Facuminas. Iniciou como Assistente Social em 2019 Coordenadora de Regulação Municipal de Saúde (2020 a 2024), assumiu em 2025 o cargo de Secretária Adjunta da Secretaria Municipal de Saúde e assumindo em 03 de agosto de 2026 a pasta da Secretaria Municipal de Saúde.</p>
<p><span style="color: #999999;">.</span></p>
<p><strong>A Secretaria Municipal de Saúde tem como principal atribuição formular, executar e monitorar o Plano Municipal de Saúde com diretrizes do SUS. Gerenciar o SUS no âmbito municipal: Atenção Básica, Vigilância, Média/Alta Complexidade. Garantir acesso universal da população aos serviços de saúde. Manter e melhorar a estrutura das unidades de saúde: UBS, Unidade Mista, etc. Garantir resolutividade nos distritos sanitários e fortalecer as gerências locais. Promover acesso a medicamentos básicos e distribuição gratuita. Gerenciar logística, suprimentos e transporte da Secretaria. Promover ações de Vigilância Sanitária, Epidemiológica e Saúde Ambiental. Elaborar orçamento da Secretaria e PPA. Firmar contratos, convênios e acordos da área da saúde. Controlar, avaliar e auditar as ações e serviços de saúde. Captar recursos junto a Estado, União e outros órgãos. Garantir o exercício do controle social conforme Lei 8.142/90. Participar do Conselho Municipal de Saúde e articular com os órgãos de controle. Articular com Estado, União e outras Secretarias pra ações de promoção e prevenção. Coordenar a política de Gestão do Trabalho e educação em saúde no município. Propor melhorias nos ambientes de trabalho do servidor. Garantir coleta de dados para os sistemas de informação do SUS.</strong></p>
<p><span style="color: #999999;">.</span></p>
<p>Secretaria Municipal de Saúde do Altinho<br />
Rua Siqueira Campos, 286 &#8211; Centro | Altinho &#8211; PE | CEP 55.490-000<br />
Horário de Atendimento ao Público: 07:30h às 13:00h<br />
Contato: (81) 3739-1349<br />
e-Mail: sec.saude@altinho.pe.gov.br<br />
<img loading="lazy" decoding="async" class="img-responsive alignnone wp-image-7962 size-large" src="https://altinho.pe.gov.br/v1/wp-content/uploads/2018/01/linhas-1-750x29.png" alt="" width="750" height="29" srcset="https://altinho.pe.gov.br/v1/wp-content/uploads/2018/01/linhas-1-750x29.png 750w, https://altinho.pe.gov.br/v1/wp-content/uploads/2018/01/linhas-1-150x6.png 150w, https://altinho.pe.gov.br/v1/wp-content/uploads/2018/01/linhas-1-300x12.png 300w, https://altinho.pe.gov.br/v1/wp-content/uploads/2018/01/linhas-1-768x30.png 768w, https://altinho.pe.gov.br/v1/wp-content/uploads/2018/01/linhas-1.png 798w" sizes="auto, (max-width: 750px) 100vw, 750px" /></p>

<p>SECRETÁRIA: Mônica Daniele Bezerra da Silva DATA DE NASCIMENTO: 10/08/1987 NATURALIDADE: Caruaru – PE PERFIL PROFISSIONAL DA SECRETÁRIA: Mônica Daniele Bezerra da Silva é Assistente social efetiva, graduada pela Universidade Pitágoras Unopar <a class="leiamais" href="https://altinho.pe.gov.br/v1/secretaria-de-saude/">LEIA MAIS <i class="fa fa-angle-double-right" aria-hidden="true"></i><br />
</a></p>
