{"id":681,"date":"2017-03-18T20:05:45","date_gmt":"2017-03-18T23:05:45","guid":{"rendered":"http:\/\/altinho.pe.gov.br\/v1\/?page_id=681"},"modified":"2017-03-20T20:22:30","modified_gmt":"2017-03-20T23:22:30","slug":"lei-organica-do-municipio-do-altinho-fotocopia","status":"publish","type":"page","link":"https:\/\/altinho.pe.gov.br\/v1\/lei-organica-do-municipio-do-altinho-fotocopia\/","title":{"rendered":"LEI ORG\u00c2NICA DO MUNIC\u00cdPIO DO ALTINHO &#8211; Fotoc\u00f3pia"},"content":{"rendered":"<p><iframe loading=\"lazy\" src=\"https:\/\/drive.google.com\/file\/d\/0B42avtli0_i1aXhGdnQyWWJyS2s\/preview\" height=\"960\" width=\"644\"><\/iframe><\/p>\n","protected":false},"excerpt":{"rendered":"","protected":false},"author":2,"featured_media":0,"parent":0,"menu_order":0,"comment_status":"closed","ping_status":"closed","template":"","meta":{"footnotes":""},"class_list":["post-681","page","type-page","status-publish","hentry","active"],"_links":{"self":[{"href":"https:\/\/altinho.pe.gov.br\/v1\/wp-json\/wp\/v2\/pages\/681","targetHints":{"allow":["GET"]}}],"collection":[{"href":"https:\/\/altinho.pe.gov.br\/v1\/wp-json\/wp\/v2\/pages"}],"about":[{"href":"https:\/\/altinho.pe.gov.br\/v1\/wp-json\/wp\/v2\/types\/page"}],"author":[{"embeddable":true,"href":"https:\/\/altinho.pe.gov.br\/v1\/wp-json\/wp\/v2\/users\/2"}],"replies":[{"embeddable":true,"href":"https:\/\/altinho.pe.gov.br\/v1\/wp-json\/wp\/v2\/comments?post=681"}],"version-history":[{"count":5,"href":"https:\/\/altinho.pe.gov.br\/v1\/wp-json\/wp\/v2\/pages\/681\/revisions"}],"predecessor-version":[{"id":706,"href":"https:\/\/altinho.pe.gov.br\/v1\/wp-json\/wp\/v2\/pages\/681\/revisions\/706"}],"wp:attachment":[{"href":"https:\/\/altinho.pe.gov.br\/v1\/wp-json\/wp\/v2\/media?parent=681"}],"curies":[{"name":"wp","href":"https:\/\/api.w.org\/{rel}","templated":true}]}}