{"id":35036,"date":"2025-02-21T11:39:56","date_gmt":"2025-02-21T14:39:56","guid":{"rendered":"https:\/\/altinho.pe.gov.br\/v1\/?page_id=35036"},"modified":"2025-02-21T11:39:56","modified_gmt":"2025-02-21T14:39:56","slug":"observatorio-de-prevencao-a-violencia-nas-escolas","status":"publish","type":"page","link":"https:\/\/altinho.pe.gov.br\/v1\/observatorio-de-prevencao-a-violencia-nas-escolas\/","title":{"rendered":"OBSERVAT\u00d3RIO DE PREVEN\u00c7\u00c3O \u00c0 VIOL\u00caNCIA NAS ESCOLAS"},"content":{"rendered":"\n<p><strong>QUEM SOMOS ?<\/strong><\/p>\n\n\n\n<p>Unidade t\u00e9cnica que realiza estudos estat\u00edsticos, econom\u00e9tricos, diagn\u00f3sticos sobre a conjuntura da viol\u00eancia nas escolas p\u00fablicas e privadas, no interior do munic\u00edpio de Altinho.<\/p>\n\n\n\n<p>Tamb\u00e9m realizamos o monitoramento da percep\u00e7\u00e3o da seguran\u00e7a por parte da comunidade escolar e repassamos todas as informa\u00e7\u00f5es ao Secret\u00e1rio de Governo, Assuntos Institucionais e Seguran\u00e7a Cidad\u00e3, para fins de planejamento das a\u00e7\u00f5es de seguran\u00e7a cidad\u00e3, alinhado com o Secret\u00e1rio Municipal de Educa\u00e7\u00e3o.<\/p>\n\n\n\n<p><strong>Identidade Estrat\u00e9gica Complementar<\/strong><\/p>\n\n\n\n<p><strong>Miss\u00e3o<\/strong><\/p>\n\n\n\n<p>Prover estudos estat\u00edsticos importantes para a tomada de decis\u00e3o para a Seguran\u00e7a Cidad\u00e3 nas Escolas, a fim de construir nas unidades educacionais, ambientes socialmente justos, seguros, onde os alunos sintam-se bem, em sua conviv\u00eancia.<\/p>\n\n\n\n<p><strong>Vis\u00e3o<\/strong><\/p>\n\n\n\n<p>Contribuir para uma gest\u00e3o da seguran\u00e7a cidad\u00e3 mais efetiva, eficaz e eficiente, nas escolas no territ\u00f3rio do munic\u00edpio, a partir da disponibilidade de informa\u00e7\u00f5es estrat\u00e9gicas importantes, sobre a vulnerabilidade da seguran\u00e7a.<\/p>\n\n\n\n<p><strong>Valores<\/strong><\/p>\n\n\n\n<ul class=\"wp-block-list\">\n<li><strong>Inova\u00e7\u00e3o:<\/strong> busca constante na constru\u00e7\u00e3o de novas estrat\u00e9gias, adotando inova\u00e7\u00f5es sociais, inova\u00e7\u00f5es disruptivas quanto a percep\u00e7\u00e3o da seguran\u00e7a no ambiente educacional e seu entorno, de forma mais integrada, no munic\u00edpio, com metodologia estat\u00edstica de qualidade.<\/li>\n\n\n\n<li><strong>Excel\u00eancia:<\/strong> busca pelo aprimoramento cont\u00ednuo dos mecanismos de an\u00e1lise, da estrutura\u00e7\u00e3o das informa\u00e7\u00f5es e estudos t\u00e9cnicos, de forma a atingir a efici\u00eancia, efic\u00e1cia e efetividade dos resultados obtidos com os indicadores de viol\u00eancia, identificados no ambiente escolar.<\/li>\n\n\n\n<li><strong>\u00c9tica:<\/strong> age dentro dos padr\u00f5es de qualidade, com equil\u00edbrio das a\u00e7\u00f5es e justa medida, para provimento da boa conviv\u00eancia e n\u00e3o preju\u00edzo \u00e0s institui\u00e7\u00f5es que dependem de nosso trabalho. Nossas pesquisas cient\u00edficas s\u00e3o realizadas com rigor, \u00e9tica, procedimentos metodol\u00f3gicos e matrizes te\u00f3ricas espec\u00edficas.<\/li>\n\n\n\n<li><strong>Comprometimento:<\/strong> enxerga solu\u00e7\u00f5es, mediante o pensar, criar e trabalhar para promo\u00e7\u00e3o da seguran\u00e7a, da comunidade escolar, a fim de executar as entregas com o m\u00e1ximo de excel\u00eancia.<\/li>\n<\/ul>\n\n\n\n<p><strong>Dos Princ\u00edpios e Fundamentos<\/strong><\/p>\n\n\n\n<p>Nossos princ\u00edpios fundamentais est\u00e3o pautados naqueles estabelecidos pela Comiss\u00e3o de Estat\u00edstica das Na\u00e7\u00f5es Unidas e pelo Observat\u00f3rio de Intelig\u00eancia Cidad\u00e3 de Altinho &#8211; OISC.<\/p>\n\n\n\n<p><strong>Das Compet\u00eancias do Observat\u00f3rio de Preven\u00e7\u00e3o \u00e0 Seguran\u00e7a nas Escolas<\/strong><\/p>\n\n\n\n<p>I \u2013 Realizar estudos estat\u00edsticos de conjunturas da vulnerabilidade social nas escolas percebida pelos alunos e pela comunidade escolar<\/p>\n\n\n\n<p>II &#8211; Desenvolver indicadores de seguran\u00e7a espec\u00edficos para as situa\u00e7\u00f5es de viol\u00eancia identificadas nas escolas, no interior do munic\u00edpio<\/p>\n\n\n\n<p>III \u2013 Promover o monitoramento dos indicadores, com vistas a identifica\u00e7\u00e3o das necessidades de interven\u00e7\u00e3o.<\/p>\n\n\n\n<figure class=\"wp-block-image size-full is-style-rounded\"><a href=\"https:\/\/altinho.pe.gov.br\/v1\/oisc\/\"><img loading=\"lazy\" decoding=\"async\" width=\"132\" height=\"44\" src=\"https:\/\/altinho.pe.gov.br\/v1\/wp-content\/uploads\/2025\/02\/VOLTAR.png\" alt=\"\" class=\"wp-image-35021\"\/><\/a><\/figure>\n","protected":false},"excerpt":{"rendered":"<p>QUEM SOMOS ? Unidade t\u00e9cnica que realiza estudos estat\u00edsticos, econom\u00e9tricos, diagn\u00f3sticos sobre a conjuntura da viol\u00eancia nas escolas p\u00fablicas e privadas, no interior do munic\u00edpio de Altinho. Tamb\u00e9m realizamos o monitoramento da <a class=\"leiamais\" href=\"https:\/\/altinho.pe.gov.br\/v1\/observatorio-de-prevencao-a-violencia-nas-escolas\/\">LEIA MAIS <i class=\"fa fa-angle-double-right\" aria-hidden=\"true\"><\/i><br \/>\n<\/a><\/p>\n","protected":false},"author":2,"featured_media":0,"parent":0,"menu_order":0,"comment_status":"closed","ping_status":"closed","template":"","meta":{"footnotes":""},"class_list":["post-35036","page","type-page","status-publish","hentry","active"],"_links":{"self":[{"href":"https:\/\/altinho.pe.gov.br\/v1\/wp-json\/wp\/v2\/pages\/35036","targetHints":{"allow":["GET"]}}],"collection":[{"href":"https:\/\/altinho.pe.gov.br\/v1\/wp-json\/wp\/v2\/pages"}],"about":[{"href":"https:\/\/altinho.pe.gov.br\/v1\/wp-json\/wp\/v2\/types\/page"}],"author":[{"embeddable":true,"href":"https:\/\/altinho.pe.gov.br\/v1\/wp-json\/wp\/v2\/users\/2"}],"replies":[{"embeddable":true,"href":"https:\/\/altinho.pe.gov.br\/v1\/wp-json\/wp\/v2\/comments?post=35036"}],"version-history":[{"count":1,"href":"https:\/\/altinho.pe.gov.br\/v1\/wp-json\/wp\/v2\/pages\/35036\/revisions"}],"predecessor-version":[{"id":35037,"href":"https:\/\/altinho.pe.gov.br\/v1\/wp-json\/wp\/v2\/pages\/35036\/revisions\/35037"}],"wp:attachment":[{"href":"https:\/\/altinho.pe.gov.br\/v1\/wp-json\/wp\/v2\/media?parent=35036"}],"curies":[{"name":"wp","href":"https:\/\/api.w.org\/{rel}","templated":true}]}}