{"id":35025,"date":"2025-02-21T11:27:52","date_gmt":"2025-02-21T14:27:52","guid":{"rendered":"https:\/\/altinho.pe.gov.br\/v1\/?page_id=35025"},"modified":"2025-02-21T11:32:14","modified_gmt":"2025-02-21T14:32:14","slug":"metodologia-principios-e-competencias","status":"publish","type":"page","link":"https:\/\/altinho.pe.gov.br\/v1\/metodologia-principios-e-competencias\/","title":{"rendered":"METODOLOGIA, PRINC\u00cdPIOS E COMPET\u00caNCIAS"},"content":{"rendered":"\n<p><strong>Metodologia<\/strong><\/p>\n\n\n\n<p>A metodologia adotada para o processamento dos dados consiste na aplica\u00e7\u00e3o de t\u00e9cnicas de estat\u00edstica descritiva e inferencial. De modo que a partir da an\u00e1lise realizada, o munic\u00edpio poder\u00e1 organizar melhor seu plano de a\u00e7\u00e3o na \u00e1rea de seguran\u00e7a p\u00fablica, a fim de tornar mais eficiente suas opera\u00e7\u00f5es. Todos os dados adotados para fins da aplica\u00e7\u00e3o estat\u00edstica s\u00e3o de fonte fidedigna, a Secretaria de Defesa Social e Seguran\u00e7a P\u00fablica do Estado de Pernambuco.<\/p>\n\n\n\n<p>Entendendo a necessidade de compreens\u00e3o da viol\u00eancia em seu sentido mais amplo, o Observat\u00f3rio de Intelig\u00eancia em Seguran\u00e7a Cidad\u00e3 de Altinho \u2013 OISC, prop\u00f5e-se a discuss\u00e3o em torno dos indicadores MVI, CVP, CVDM e Estupro.<\/p>\n\n\n\n<p><strong>MVI<\/strong> &#8211; Morte violenta intencional \u2013 adota-se a designa\u00e7\u00e3o institu\u00edda pela Secretaria Nacional de Seguran\u00e7a P\u00fablica (SENASP), para a categoria de crimes de homic\u00eddio doloso, les\u00e3o corporal seguida de morte e roubo com resultado de morte, esse \u00faltimo tamb\u00e9m conhecido como latroc\u00ednio.<\/p>\n\n\n\n<p><strong>CVP<\/strong> &#8211; Os Crimes contra o patrim\u00f4nio est\u00e3o previstos no T\u00edtulo II do C\u00f3digo Penal. \u00c9 considerado crime contra o patrim\u00f4nio toda a\u00e7\u00e3o que atente contra bens de uma pessoa ou organiza\u00e7\u00e3o. S\u00e3o considerados: Furto, Roubo, Extors\u00e3o, Apropria\u00e7\u00e3o Ind\u00e9bita, Estelionato, Recepta\u00e7\u00e3o.<\/p>\n\n\n\n<p><strong>CVDM<\/strong> &#8211; Lei Maria da Penha (Lei n\u00ba 11.340\/2006) se refere \u00e0s seguintes formas de viol\u00eancia dom\u00e9stica e familiar contra a mulher: viol\u00eancia f\u00edsica, viol\u00eancia psicol\u00f3gica, viol\u00eancia sexual, viol\u00eancia patrimonial e viol\u00eancia moral. Constituemse ainda: amea\u00e7a, estupro, sequestro, c\u00e1rcere privado.<\/p>\n\n\n\n<p><strong>ESTUPRO<\/strong> &#8211; De acordo com a Lei Maria da Penha, a viol\u00eancia sexual (Art. 7\u00ba): formas de viol\u00eancia dom\u00e9stica e familiar contra a mulher, entre outras: III &#8211; a viol\u00eancia sexual, entendida como qualquer conduta que a constranja a presenciar, a manter ou a participar de rela\u00e7\u00e3o sexual n\u00e3o desejada, mediante intimida\u00e7\u00e3o, amea\u00e7a, coa\u00e7\u00e3o ou uso da for\u00e7a.<\/p>\n\n\n\n<p>(\u2026) que a induza a comercializar ou a utilizar, de qualquer modo, a sua sexualidade, que a impe\u00e7a de usar qualquer m\u00e9todo contraceptivo ou que a force ao matrim\u00f4nio, \u00e0 gravidez, ao aborto ou \u00e0 prostitui\u00e7\u00e3o, mediante coa\u00e7\u00e3o, chantagem, suborno ou manipula\u00e7\u00e3o; ou que limite ou anule o exerc\u00edcio de seus direitos sexuais e reprodutivos.<\/p>\n\n\n\n<p><strong>Princ\u00edpios Fundamentais das Estat\u00edsticas Oficiais \u2013 Comiss\u00e3o de Estat\u00edstica das<br>Na\u00e7\u00f5es Unidas<\/strong><\/p>\n\n\n\n<p>A Comiss\u00e3o de Estat\u00edstica considerando as recentes resolu\u00e7\u00f5es da Assembleia Geral e Conselho Econ\u00f4mico e Social, destaca a import\u00e2ncia fundamental das estat\u00edsticas oficiais para a agenda de desenvolvimento global.<\/p>\n\n\n\n<p>Levando em conta o papel fundamental da informa\u00e7\u00e3o da estat\u00edstica oficial, de alta qualidade, nas an\u00e1lises e tomadas de decis\u00e3o pol\u00edtica, em prol do desenvolvimento sustent\u00e1vel, da paz e da seguran\u00e7a, bem como para o conhecimento rec\u00edproco entre Estados e povos, de um mundo cada vez mais conectado, que exige abertura e transpar\u00eancia.<\/p>\n\n\n\n<p>O observat\u00f3rio de Intelig\u00eancia em Seguran\u00e7a Cidad\u00e3 em Altinho assume dentre os princ\u00edpios estabelecidos pela Comiss\u00e3o de Estat\u00edstica das Na\u00e7\u00f5es Unidas, enquanto princ\u00edpios pr\u00f3prios:<\/p>\n\n\n\n<p><\/p>\n\n\n\n<h4 class=\"wp-block-heading has-text-align-center\"><strong>PRINC\u00cdPIOS DO OBSERVAT\u00d3RIO DE INTELIG\u00caNCIA SEGURAN\u00c7A<br>CIDAD\u00c3 \u2013 OISC Altinho<\/strong><br>(Comiss\u00e3o de Estat\u00edstica das Na\u00e7\u00f5es Unidas, 1994)<br>(<a href=\"http:\/\/unstats.un.org\/unsd\/methods\/statorg\/default.htm\" target=\"_blank\" rel=\"noreferrer noopener\">http:\/\/unstats.un.org\/unsd\/methods\/statorg\/default.htm<\/a>)<\/h4>\n\n\n\n<p><\/p>\n\n\n\n<p><strong>Relev\u00e2ncia, imparcialidade<\/strong> \u2013 utiliza estat\u00edsticas oficiais, indispens\u00e1veis ao sistema de informa\u00e7\u00e3o de uma sociedade democr\u00e1tica, constituindo-se em ferramentas de gest\u00e3o, de utilidade pr\u00e1tica, para a constru\u00e7\u00e3o de pol\u00edticas de bem-estar para a sociedade altinense.<\/p>\n\n\n\n<p><strong>Responsabilidade e transpar\u00eancia<\/strong> \u2013 objetiva facilitar uma interpreta\u00e7\u00e3o correta dos dados, de acordo com normas cient\u00edficas sobre fontes, m\u00e9todos e procedimentos estat\u00edsticos.<\/p>\n\n\n\n<p><strong>Preven\u00e7\u00e3o do mau uso dos dados<\/strong> \u2013 corrige a an\u00e1lise dos dados, coment\u00e1rios e interpreta\u00e7\u00f5es err\u00f4neas, decorrente da utiliza\u00e7\u00e3o indevida das estat\u00edsticas sobre a seguran\u00e7a p\u00fablica relativas ao munic\u00edpio.<\/p>\n\n\n\n<p><strong>Efici\u00eancia<\/strong> \u2013 utiliza a base de dados oficiais obtidos, para fins estat\u00edsticos, levando-se em considera\u00e7\u00e3o a qualidade, oportunidade, custos e \u00f4nus para os informantes. Confidencialidade \u2013 coleta dos dados individuais s\u00e3o estritamente confidenciais e utilizados exclusivamente para fins estat\u00edsticos.<\/p>\n\n\n\n<p class=\"has-vivid-red-color has-text-color has-link-color wp-elements-4ba9760f85033b32aaab4949fbfcdd7b\"><strong>COMPET\u00caNCIAS DO OBSERVAT\u00d3RIO DE INTELIG\u00caNCIA PARA SEGURAN\u00c7A CIDAD\u00c3 DE ALTINHO<\/strong><\/p>\n\n\n\n<p>Compet\u00eancias Fundamentais estabelecidas para fins de atua\u00e7\u00e3o do Observat\u00f3rio de Intelig\u00eancia em Seguran\u00e7a Cidad\u00e3 de Altinho \u2013 OISC:<\/p>\n\n\n\n<p>I \u2013 construir as informa\u00e7\u00f5es t\u00e9cnicas precisas, baseadas na an\u00e1lise estat\u00edstica e econom\u00e9trica de dos dados da criminalidade, para todos os perfis de incid\u00eancia: crime de viol\u00eancia letal e intencional, crime de viol\u00eancia contra o patrim\u00f4nio, crime de viol\u00eancia dom\u00e9stica contra a mulher, estupro, indicadores que referenciem outros tipos de crimes que ainda est\u00e3o sendo identificados na sociedade, cuja base n\u00e3o est\u00e1 estabelecida;<\/p>\n\n\n\n<p>II \u2013 produzir diagn\u00f3sticos qualificados;<\/p>\n\n\n\n<p>III \u2013 padronizar a coleta, an\u00e1lise e divulga\u00e7\u00e3o dos dados e informa\u00e7\u00f5es p\u00fablicas, para todos os indicadores contemplados no Plano Municipal de Seguran\u00e7a P\u00fablica Cidad\u00e3;<\/p>\n\n\n\n<p>IV \u2013 produzir dados e informa\u00e7\u00f5es qualificadas, a partir da parceria estabelecida com institui\u00e7\u00f5es privadas sem fins lucrativos, empresas especializadas, institui\u00e7\u00f5es p\u00fablicas, na constru\u00e7\u00e3o de diagn\u00f3sticos;<\/p>\n\n\n\n<p>V \u2013 monitorar, avaliar e subsidiar pol\u00edticas, programas e projetos p\u00fablicos;<\/p>\n\n\n\n<p>VI \u2013 proporcionar transpar\u00eancia \u00e0s informa\u00e7\u00f5es obtidas;<\/p>\n\n\n\n<p>VII \u2013 democratizar o acesso \u00e0s informa\u00e7\u00f5es;<\/p>\n\n\n\n<p>VIII \u2013 elaborar relat\u00f3rio bimestral sobre a situa\u00e7\u00e3o da viol\u00eancia e criminalidade no Munic\u00edpio e encaminhar ao Secret\u00e1rio de Governo, Administra\u00e7\u00e3o, Ordem P\u00fablica e Assuntos Institucionais;<\/p>\n\n\n\n<p>IX \u2013 incentivar a produ\u00e7\u00e3o cient\u00edfica e compartilhamento de informa\u00e7\u00f5es com participa\u00e7\u00e3o social.<\/p>\n\n\n\n<figure class=\"wp-block-image size-full is-style-rounded\"><a href=\"https:\/\/altinho.pe.gov.br\/v1\/oisc\/\"><img loading=\"lazy\" decoding=\"async\" width=\"132\" height=\"44\" src=\"https:\/\/altinho.pe.gov.br\/v1\/wp-content\/uploads\/2025\/02\/VOLTAR.png\" alt=\"\" class=\"wp-image-35021\"\/><\/a><\/figure>\n\n\n\n<p><\/p>\n","protected":false},"excerpt":{"rendered":"<p>Metodologia A metodologia adotada para o processamento dos dados consiste na aplica\u00e7\u00e3o de t\u00e9cnicas de estat\u00edstica descritiva e inferencial. De modo que a partir da an\u00e1lise realizada, o munic\u00edpio poder\u00e1 organizar melhor <a class=\"leiamais\" href=\"https:\/\/altinho.pe.gov.br\/v1\/metodologia-principios-e-competencias\/\">LEIA MAIS <i class=\"fa fa-angle-double-right\" aria-hidden=\"true\"><\/i><br \/>\n<\/a><\/p>\n","protected":false},"author":2,"featured_media":0,"parent":0,"menu_order":0,"comment_status":"closed","ping_status":"closed","template":"","meta":{"footnotes":""},"class_list":["post-35025","page","type-page","status-publish","hentry","active"],"_links":{"self":[{"href":"https:\/\/altinho.pe.gov.br\/v1\/wp-json\/wp\/v2\/pages\/35025","targetHints":{"allow":["GET"]}}],"collection":[{"href":"https:\/\/altinho.pe.gov.br\/v1\/wp-json\/wp\/v2\/pages"}],"about":[{"href":"https:\/\/altinho.pe.gov.br\/v1\/wp-json\/wp\/v2\/types\/page"}],"author":[{"embeddable":true,"href":"https:\/\/altinho.pe.gov.br\/v1\/wp-json\/wp\/v2\/users\/2"}],"replies":[{"embeddable":true,"href":"https:\/\/altinho.pe.gov.br\/v1\/wp-json\/wp\/v2\/comments?post=35025"}],"version-history":[{"count":7,"href":"https:\/\/altinho.pe.gov.br\/v1\/wp-json\/wp\/v2\/pages\/35025\/revisions"}],"predecessor-version":[{"id":35035,"href":"https:\/\/altinho.pe.gov.br\/v1\/wp-json\/wp\/v2\/pages\/35025\/revisions\/35035"}],"wp:attachment":[{"href":"https:\/\/altinho.pe.gov.br\/v1\/wp-json\/wp\/v2\/media?parent=35025"}],"curies":[{"name":"wp","href":"https:\/\/api.w.org\/{rel}","templated":true}]}}