{"id":19489,"date":"2021-09-29T16:20:33","date_gmt":"2021-09-29T19:20:33","guid":{"rendered":"http:\/\/altinho.pe.gov.br\/v1\/?page_id=19489"},"modified":"2025-05-30T16:17:07","modified_gmt":"2025-05-30T19:17:07","slug":"servicos-autarquia-municipal-de-previdencia-social-de-altinho","status":"publish","type":"page","link":"https:\/\/altinho.pe.gov.br\/v1\/carta-de-servico\/servicos-autarquia-municipal-de-previdencia-social-de-altinho\/","title":{"rendered":"Servi\u00e7os \u2013 ALTINHOPREV \u2013 Autarquia Municipal de Previd\u00eancia Social do Altinho"},"content":{"rendered":"\n<p><strong>APOSENTADORIAS<\/strong><\/p>\n\n\n\n<p><strong>Finalidade:<\/strong> Benef\u00edcio previdenci\u00e1rio pago ao servidor efetivo vinculado ao ALTINHOPREV, ap\u00f3s atingir os requisitos determinados na Lei Complementar n\u00ba 037\/2022 e Emenda Organizacional 003\/2022.<br><strong>Pr\u00e9-requisitos:<\/strong> Atender aos crit\u00e9rios de idade e tempo de contribui\u00e7\u00e3o, conforme disciplina a legisla\u00e7\u00e3o supracitada.<\/p>\n\n\n\n<p><strong>Documenta\u00e7\u00e3o necess\u00e1ria: <\/strong>documentos pessoais (RG, CPF, CTPS, T\u00edtulo de Eleitor), Ficha Funcional, Ficha Financeira, CTC (para os casos de servidores que contribu\u00edram para o Regime Geral da Previd\u00eancia Social ou para outro Regime Pr\u00f3prio) e outros documentos que sejam analisados como necess\u00e1rios \u00e0 comprova\u00e7\u00e3o dos requisitos.<\/p>\n\n\n\n<p><strong>Onde solicitar o servi\u00e7o:<\/strong> Sede do ALTINHOPREV na Rua Cel. Manoel Lic\u00f3, n\u00ba 34, Centro, Altinho-PE.<br>Agendamentos pelo telefone (81) 99629-1279<br>E-mail: altinhoprev@altinho.pe.gov.br<\/p>\n\n\n\n<p><strong>Valor do Servi\u00e7o:<\/strong> Gratuito<br><strong>Benefici\u00e1rio do Servi\u00e7o:<\/strong> Os servidores p\u00fablicos efetivos do munic\u00edpio de Altinho, na qualidade de contribuintes do citado RPPS.<br><strong>Per\u00edodo de atendimento:<\/strong> Segunda a Sexta-Feira das 7h30min \u00e0s 13h<\/p>\n\n\n\n<p><strong>PENS\u00d5ES POR MORTE<\/strong><\/p>\n\n\n\n<p><strong>Finalidade:<\/strong> A pens\u00e3o por morte do ALTINHOPREV \u00e9 destinada aos dependentes de contribuintes falecidos. O objetivo \u00e9 auxiliar financeiramente a fam\u00edlia, nos termos do que disciplina a Lei Complementar n\u00ba 037\/2022 e Emenda Organizacional 003\/2022.<br><strong>Pr\u00e9-requisitos:<\/strong> comprovar a qualidade de dependente do servidor falecido (seja ele da ativa ou aposentado). S\u00e3o considerados dependentes os filhos n\u00e3o emancipados, menores de 21 anos ou inv\u00e1lidos; o c\u00f4njuge, companheiro\/a (comprovada a uni\u00e3o est\u00e1vel e contemporaneidade dela); os pais, desde que n\u00e3o sejam benefici\u00e1rios de outro regime previdenci\u00e1rio; os irm\u00e3os incapazes ou menores de 21 anos, atendidos os requisitos da Lei Complementar n\u00ba 037\/2022 e Emenda Organizacional 003\/2023.<\/p>\n\n\n\n<p><strong>Documenta\u00e7\u00e3o necess\u00e1ria:<\/strong> documentos pessoais (RG, CPF, CTPS, T\u00edtulo de Eleitor) do falecido e dos benefici\u00e1rios; certid\u00e3o de \u00f3bito do\/a falecido\/a; Ficha Funcional e Financeira (no caso de \u00f3bito de servidores ativos); outros documentos que sejam analisados como necess\u00e1rios \u00e0 comprova\u00e7\u00e3o dos requisitos.<\/p>\n\n\n\n<p><strong>Onde solicitar o servi\u00e7o: <\/strong>Sede do ALTINHOPREV na Rua Cel. Manoel Lic\u00f3, n\u00ba 34, Centro, Altinho-PE.<br>Agendamentos pelo telefone (81) 99629-1279<br>E-mail: altinhoprev@altinho.pe.gov.br<\/p>\n\n\n\n<p><strong>Valor do Servi\u00e7o:<\/strong> Gratuito<br><strong>Benefici\u00e1rio do Servi\u00e7o:<\/strong> Os dependentes servidores p\u00fablicos efetivos do munic\u00edpio de Altinho.<br>Per\u00edodo de atendimento: Segunda a Sexta-Feira das 7h30min \u00e0s 13h<\/p>\n\n\n\n<p><strong>CONTRACHEQUES E DEMONSTRATIVOS DE RENDIMENTOS<\/strong><\/p>\n\n\n\n<p><strong>Finalidade: <\/strong>Disponibilizar aos benefici\u00e1rios do ALTINHOPREV os contracheques e demonstrativos de rendimentos para comprova\u00e7\u00e3o financeira e uso particular por parte dos aposentados e pensionistas.<br><strong>Pr\u00e9-requisitos:<\/strong> Ser benefici\u00e1rio do ALTINHOPREV (aposentado ou pensionista).<br><strong>Documenta\u00e7\u00e3o necess\u00e1ria:<\/strong> Documento de identifica\u00e7\u00e3o com foto.<\/p>\n\n\n\n<p><strong>Onde solicitar o servi\u00e7o:<\/strong> Sede do ALTINHOPREV na Rua Cel. Manoel Lic\u00f3, n\u00ba 34, Centro, Altinho-PE.<br>Agendamentos pelo telefone (81) 99629-1279<br>E-mail: altinhoprev@altinho.pe.gov.br<br>Site: altinhoprev.pe.gov.br (\u00edcone Prev+Web)<br>Aplicativo: <strong>Prev+<\/strong><\/p>\n\n\n\n<p><strong>Valor do Servi\u00e7o:<\/strong> Gratuito<br><strong>Benefici\u00e1rio do Servi\u00e7o:<\/strong> Benefici\u00e1rios do ALTINHOPREV (aposentados e pensionistas)<br><strong>Per\u00edodo de atendimento: <\/strong>Segunda a Sexta-Feira das 7h30min \u00e0s 13h<\/p>\n","protected":false},"excerpt":{"rendered":"<p>APOSENTADORIAS Finalidade: Benef\u00edcio previdenci\u00e1rio pago ao servidor efetivo vinculado ao ALTINHOPREV, ap\u00f3s atingir os requisitos determinados na Lei Complementar n\u00ba 037\/2022 e Emenda Organizacional 003\/2022.Pr\u00e9-requisitos: Atender aos crit\u00e9rios de idade e tempo <a class=\"leiamais\" href=\"https:\/\/altinho.pe.gov.br\/v1\/carta-de-servico\/servicos-autarquia-municipal-de-previdencia-social-de-altinho\/\">LEIA MAIS <i class=\"fa fa-angle-double-right\" aria-hidden=\"true\"><\/i><br \/>\n<\/a><\/p>\n","protected":false},"author":6,"featured_media":36872,"parent":19408,"menu_order":0,"comment_status":"closed","ping_status":"closed","template":"page-carta-interna.php","meta":{"footnotes":""},"class_list":["post-19489","page","type-page","status-publish","has-post-thumbnail","hentry","active"],"_links":{"self":[{"href":"https:\/\/altinho.pe.gov.br\/v1\/wp-json\/wp\/v2\/pages\/19489","targetHints":{"allow":["GET"]}}],"collection":[{"href":"https:\/\/altinho.pe.gov.br\/v1\/wp-json\/wp\/v2\/pages"}],"about":[{"href":"https:\/\/altinho.pe.gov.br\/v1\/wp-json\/wp\/v2\/types\/page"}],"author":[{"embeddable":true,"href":"https:\/\/altinho.pe.gov.br\/v1\/wp-json\/wp\/v2\/users\/6"}],"replies":[{"embeddable":true,"href":"https:\/\/altinho.pe.gov.br\/v1\/wp-json\/wp\/v2\/comments?post=19489"}],"version-history":[{"count":4,"href":"https:\/\/altinho.pe.gov.br\/v1\/wp-json\/wp\/v2\/pages\/19489\/revisions"}],"predecessor-version":[{"id":36873,"href":"https:\/\/altinho.pe.gov.br\/v1\/wp-json\/wp\/v2\/pages\/19489\/revisions\/36873"}],"up":[{"embeddable":true,"href":"https:\/\/altinho.pe.gov.br\/v1\/wp-json\/wp\/v2\/pages\/19408"}],"wp:featuredmedia":[{"embeddable":true,"href":"https:\/\/altinho.pe.gov.br\/v1\/wp-json\/wp\/v2\/media\/36872"}],"wp:attachment":[{"href":"https:\/\/altinho.pe.gov.br\/v1\/wp-json\/wp\/v2\/media?parent=19489"}],"curies":[{"name":"wp","href":"https:\/\/api.w.org\/{rel}","templated":true}]}}