{"id":17723,"date":"2021-01-23T14:30:47","date_gmt":"2021-01-23T17:30:47","guid":{"rendered":"http:\/\/altinho.pe.gov.br\/v1\/?page_id=17723"},"modified":"2025-01-03T19:46:55","modified_gmt":"2025-01-03T22:46:55","slug":"altinhoprev","status":"publish","type":"page","link":"https:\/\/altinho.pe.gov.br\/v1\/altinhoprev\/","title":{"rendered":"Autarquia Municipal de Previd\u00eancia Social de Altinho &#8211; ALTINHOPREV"},"content":{"rendered":"\n<p><a href=\"https:\/\/altinho.pe.gov.br\/v1\/wp-content\/uploads\/2025\/01\/GLORIVALDO.png\"><img loading=\"lazy\" decoding=\"async\" class=\"img-responsive wp-image-9369 alignleft\" style=\"margin: 0px 10px 0px 0px;\" src=\"https:\/\/altinho.pe.gov.br\/v1\/wp-content\/uploads\/2025\/01\/GLORIVALDO.png\" alt=\"\" width=\"330\" height=\"440\"><\/a><\/p>\n<p><strong>PRESIDENTE:<\/strong> Glorivaldo Roberto de Barros<br><strong>DATA DE NASCIMENTO:<\/strong> 28\/03\/1980<br><strong>NATURALIDADE:<\/strong> Altinho \u2013 PE<\/p>\n\n<p><strong>PERFIL PROFISSIONAL DO PRESIDENTE:<\/strong> Glorivaldo Barros \u00e9 bacharel em Direito e licenciado em Letras. Integrou a diretoria da ASSEAL (Associa\u00e7\u00e3o dos Estudantes de Altinho). Trabalhou na SAIJA (Sociedade de Assist\u00eancia \u00e0 Inf\u00e2ncia e \u00e0 Juventude de Altinho); Sindicato dos Trabalhadores Rurais; Cart\u00f3rio de Notas, Registro de Im\u00f3veis e Anexos. Foi professor contratado da rede estadual, lotado na Escola Jos\u00e9 Lins de Figueir\u00eado, pelo per\u00edodo de 10 anos, sendo desde julho\/2019 servidor do quadro efetivo da referida unidade de ensino. Na Escola Municipal Maria do Socorro Rodrigues da Silva foi professor em 2010 e gestor escolar durante os per\u00edodos de 2011-2012 e 2017.  Em 04\/01\/2018 foi nomeado Secret\u00e1rio de Educa\u00e7\u00e3o, Ci\u00eancia e Tecnologia do munic\u00edpio de Altinho, onde permaneceu at\u00e9 31\/12\/2020. \u00c9 advogado militante desde 2006.<\/p>\n<p>&nbsp;<\/p>\n<p><strong>\u00c9 de responsabilidade do Presidente do ALTINHOPREV elaborar a proposta or\u00e7ament\u00e1ria anual; organizar a estrutura administrativa; expedir instru\u00e7\u00f5es e ordens de servi\u00e7os; organizar os servi\u00e7os de presta\u00e7\u00e3o previdenci\u00e1ria; submeter ao Conselho Fiscal e ao Conselho Administrativo os assuntos a eles pertinentes e facilitar o acesso de seus membros para o desempenho de suas atribui\u00e7\u00f5es; cumprir e fazer cumprir as delibera\u00e7\u00f5es dos Conselhos Fiscal e Administrativo; exercer a representa\u00e7\u00e3o administrativa e judicial do ALTINHOPREV dentre outras atribui\u00e7\u00f5es que visem a bem-estar dos servidores inativos, o bom andamento da Autarquia Municipal de Previd\u00eancia Social e o fiel cumprimento de suas atribui\u00e7\u00f5es.<\/strong><\/p>\n<br>\n<p>Autarquia Municipal de Previd\u00eancia Social de Altinho<br>Rua Cel. Manoel Lic\u00f3, 34 &#8211; Centro | Altinho &#8211; PE | CEP 55.490-000<br>Hor\u00e1rio de Atendimento ao P\u00fablico: 07:30h \u00e0s 13:00h<br>Contato: (81) 99629-1279 | (81) 99810-8338<br>e-Mail: altinhoprev@altinho.pe.gov.br<br><img loading=\"lazy\" decoding=\"async\" class=\"img-responsive alignnone wp-image-7962 size-large\" src=\"https:\/\/altinho.pe.gov.br\/v1\/wp-content\/uploads\/2018\/01\/linhas-1-750x29.png\" alt=\"\" width=\"750\" height=\"29\" srcset=\"https:\/\/altinho.pe.gov.br\/v1\/wp-content\/uploads\/2018\/01\/linhas-1-750x29.png 750w, https:\/\/altinho.pe.gov.br\/v1\/wp-content\/uploads\/2018\/01\/linhas-1-150x6.png 150w, https:\/\/altinho.pe.gov.br\/v1\/wp-content\/uploads\/2018\/01\/linhas-1-300x12.png 300w, https:\/\/altinho.pe.gov.br\/v1\/wp-content\/uploads\/2018\/01\/linhas-1-768x30.png 768w, https:\/\/altinho.pe.gov.br\/v1\/wp-content\/uploads\/2018\/01\/linhas-1.png 798w\" sizes=\"auto, (max-width: 750px) 100vw, 750px\" \/><\/p>\n<p>&nbsp;<\/p>\n<p>&nbsp;<\/p>\n","protected":false},"excerpt":{"rendered":"<p>PRESIDENTE: Glorivaldo Roberto de BarrosDATA DE NASCIMENTO: 28\/03\/1980NATURALIDADE: Altinho \u2013 PE PERFIL PROFISSIONAL DO PRESIDENTE: Glorivaldo Barros \u00e9 bacharel em Direito e licenciado em Letras. Integrou a diretoria da ASSEAL (Associa\u00e7\u00e3o dos <a class=\"leiamais\" href=\"https:\/\/altinho.pe.gov.br\/v1\/altinhoprev\/\">LEIA MAIS <i class=\"fa fa-angle-double-right\" aria-hidden=\"true\"><\/i><br \/>\n<\/a><\/p>\n","protected":false},"author":2,"featured_media":0,"parent":0,"menu_order":0,"comment_status":"closed","ping_status":"closed","template":"","meta":{"footnotes":""},"class_list":["post-17723","page","type-page","status-publish","hentry","active"],"_links":{"self":[{"href":"https:\/\/altinho.pe.gov.br\/v1\/wp-json\/wp\/v2\/pages\/17723","targetHints":{"allow":["GET"]}}],"collection":[{"href":"https:\/\/altinho.pe.gov.br\/v1\/wp-json\/wp\/v2\/pages"}],"about":[{"href":"https:\/\/altinho.pe.gov.br\/v1\/wp-json\/wp\/v2\/types\/page"}],"author":[{"embeddable":true,"href":"https:\/\/altinho.pe.gov.br\/v1\/wp-json\/wp\/v2\/users\/2"}],"replies":[{"embeddable":true,"href":"https:\/\/altinho.pe.gov.br\/v1\/wp-json\/wp\/v2\/comments?post=17723"}],"version-history":[{"count":14,"href":"https:\/\/altinho.pe.gov.br\/v1\/wp-json\/wp\/v2\/pages\/17723\/revisions"}],"predecessor-version":[{"id":34270,"href":"https:\/\/altinho.pe.gov.br\/v1\/wp-json\/wp\/v2\/pages\/17723\/revisions\/34270"}],"wp:attachment":[{"href":"https:\/\/altinho.pe.gov.br\/v1\/wp-json\/wp\/v2\/media?parent=17723"}],"curies":[{"name":"wp","href":"https:\/\/api.w.org\/{rel}","templated":true}]}}